CRAN Package Check Results for Package RSSL

Last updated on 2021-11-01 00:49:52 CET.

Flavor Version Tinstall Tcheck Ttotal Status Flags
r-devel-linux-x86_64-debian-clang 0.9.3 84.79 219.47 304.26 OK
r-devel-linux-x86_64-debian-gcc 0.9.3 67.23 159.79 227.02 OK
r-devel-linux-x86_64-fedora-clang 0.9.3 409.80 OK
r-devel-linux-x86_64-fedora-gcc 0.9.3 381.73 OK
r-devel-windows-x86_64 0.9.3 122.00 257.00 379.00 OK
r-devel-windows-x86_64-gcc10-UCRT 0.9.3 OK
r-patched-linux-x86_64 0.9.3 75.76 207.95 283.71 OK
r-patched-solaris-x86 0.9.3 457.40 OK
r-release-linux-x86_64 0.9.3 72.06 209.17 281.23 OK
r-release-macos-arm64 0.9.3 NOTE
r-release-macos-x86_64 0.9.3 OK
r-release-windows-ix86+x86_64 0.9.3 158.00 278.00 436.00 OK
r-oldrel-macos-x86_64 0.9.3 OK
r-oldrel-windows-ix86+x86_64 0.9.3 157.00 382.00 539.00 OK

Check Details

Version: 0.9.3
Check: installed package size
Result: NOTE
     installed size is 5.2Mb
     sub-directories of 1Mb or more:
     libs 3.2Mb
Flavor: r-release-macos-arm64