CRAN Package Check Results for Package RPtests

Last updated on 2021-11-01 00:49:52 CET.

Flavor Version Tinstall Tcheck Ttotal Status Flags
r-devel-linux-x86_64-debian-clang 0.1.5 20.68 73.49 94.17 OK
r-devel-linux-x86_64-debian-gcc 0.1.5 16.10 56.84 72.94 OK
r-devel-linux-x86_64-fedora-clang 0.1.5 133.70 NOTE
r-devel-linux-x86_64-fedora-gcc 0.1.5 117.42 OK
r-devel-windows-x86_64 0.1.5 32.00 106.00 138.00 OK
r-devel-windows-x86_64-gcc10-UCRT 0.1.5 OK
r-patched-linux-x86_64 0.1.5 19.46 72.23 91.69 OK
r-patched-solaris-x86 0.1.5 158.80 OK
r-release-linux-x86_64 0.1.5 21.01 71.01 92.02 OK
r-release-macos-arm64 0.1.5 OK
r-release-macos-x86_64 0.1.5 OK
r-release-windows-ix86+x86_64 0.1.5 41.00 108.00 149.00 OK
r-oldrel-macos-x86_64 0.1.5 OK
r-oldrel-windows-ix86+x86_64 0.1.5 43.00 142.00 185.00 OK

Check Details

Version: 0.1.5
Check: Rd cross-references
Result: NOTE
    Undeclared package ‘scalreg’ in Rd xrefs
Flavor: r-devel-linux-x86_64-fedora-clang