CRAN Package Check Results for Package ROCket

Last updated on 2021-11-01 00:49:51 CET.

Flavor Version Tinstall Tcheck Ttotal Status Flags
r-devel-linux-x86_64-debian-clang 1.0.1 2.89 30.53 33.42 NOTE
r-devel-linux-x86_64-debian-gcc 1.0.1 2.37 23.03 25.40 NOTE
r-devel-linux-x86_64-fedora-clang 1.0.1 50.08 NOTE
r-devel-linux-x86_64-fedora-gcc 1.0.1 38.48 NOTE
r-devel-windows-x86_64 1.0.1 5.00 49.00 54.00 NOTE
r-devel-windows-x86_64-gcc10-UCRT 1.0.1 NOTE
r-patched-linux-x86_64 1.0.1 3.69 28.51 32.20 NOTE
r-patched-solaris-x86 1.0.1 65.00 NOTE
r-release-linux-x86_64 1.0.1 2.87 28.70 31.57 NOTE
r-release-macos-arm64 1.0.1 NOTE
r-release-macos-x86_64 1.0.1 NOTE
r-release-windows-ix86+x86_64 1.0.1 5.00 33.00 38.00 NOTE
r-oldrel-macos-x86_64 1.0.1 OK
r-oldrel-windows-ix86+x86_64 1.0.1 6.00 47.00 53.00 OK

Check Details

Version: 1.0.1
Check: LazyData
Result: NOTE
     'LazyData' is specified without a 'data' directory
Flavors: r-devel-linux-x86_64-debian-clang, r-devel-linux-x86_64-debian-gcc, r-devel-linux-x86_64-fedora-clang, r-devel-linux-x86_64-fedora-gcc, r-devel-windows-x86_64, r-devel-windows-x86_64-gcc10-UCRT, r-patched-linux-x86_64, r-patched-solaris-x86, r-release-linux-x86_64, r-release-macos-arm64, r-release-macos-x86_64, r-release-windows-ix86+x86_64