Last updated on 2021-11-01 00:49:51 CET.
Flavor | Version | Tinstall | Tcheck | Ttotal | Status | Flags |
---|---|---|---|---|---|---|
r-devel-linux-x86_64-debian-clang | 4.0.6 | 322.21 | 170.08 | 492.29 | OK | |
r-devel-linux-x86_64-debian-gcc | 4.0.6 | 255.52 | 134.22 | 389.74 | OK | |
r-devel-linux-x86_64-fedora-clang | 4.0.6 | 761.35 | NOTE | |||
r-devel-linux-x86_64-fedora-gcc | 4.0.6 | 685.29 | OK | |||
r-devel-windows-x86_64 | 4.0.6 | 409.00 | 230.00 | 639.00 | OK | |
r-devel-windows-x86_64-gcc10-UCRT | 4.0.6 | OK | ||||
r-patched-linux-x86_64 | 4.0.6 | 301.15 | 164.64 | 465.79 | OK | |
r-patched-solaris-x86 | 4.0.6 | 678.50 | OK | |||
r-release-linux-x86_64 | 4.0.6 | 295.57 | 165.65 | 461.22 | OK | |
r-release-macos-arm64 | 4.0.6 | NOTE | ||||
r-release-macos-x86_64 | 4.0.6 | NOTE | ||||
r-release-windows-ix86+x86_64 | 4.0.6 | 590.00 | 349.00 | 939.00 | OK | |
r-oldrel-macos-x86_64 | 4.0.6 | NOTE | ||||
r-oldrel-windows-ix86+x86_64 | 4.0.6 | 578.00 | 430.00 | 1008.00 | OK |
Version: 4.0.6
Check: installed package size
Result: NOTE
installed size is 27.0Mb
sub-directories of 1Mb or more:
libs 26.9Mb
Flavors: r-devel-linux-x86_64-fedora-clang, r-release-macos-arm64, r-release-macos-x86_64, r-oldrel-macos-x86_64