CRAN Package Check Results for Package RKHSMetaMod

Last updated on 2021-11-01 00:49:51 CET.

Flavor Version Tinstall Tcheck Ttotal Status Flags
r-devel-linux-x86_64-debian-clang 1.1 209.31 30.40 239.71 OK
r-devel-linux-x86_64-debian-gcc 1.1 158.95 27.56 186.51 OK
r-devel-linux-x86_64-fedora-clang 1.1 405.45 NOTE
r-devel-linux-x86_64-fedora-gcc 1.1 345.88 OK
r-devel-windows-x86_64 1.1 249.00 75.00 324.00 OK
r-devel-windows-x86_64-gcc10-UCRT 1.1 OK
r-patched-linux-x86_64 1.1 186.44 33.86 220.30 OK
r-patched-solaris-x86 1.1 285.50 OK
r-release-linux-x86_64 1.1 184.54 33.77 218.31 OK
r-release-macos-arm64 1.1 NOTE
r-release-macos-x86_64 1.1 NOTE
r-release-windows-ix86+x86_64 1.1 355.00 76.00 431.00 OK
r-oldrel-macos-x86_64 1.1 NOTE
r-oldrel-windows-ix86+x86_64 1.1 348.00 92.00 440.00 OK

Additional issues

noSuggests

Check Details

Version: 1.1
Check: installed package size
Result: NOTE
     installed size is 21.1Mb
     sub-directories of 1Mb or more:
     libs 21.0Mb
Flavors: r-devel-linux-x86_64-fedora-clang, r-release-macos-arm64, r-release-macos-x86_64, r-oldrel-macos-x86_64