Last updated on 2021-11-01 00:49:51 CET.
Flavor | Version | Tinstall | Tcheck | Ttotal | Status | Flags |
---|---|---|---|---|---|---|
r-devel-linux-x86_64-debian-clang | 1.3.3 | 101.39 | 101.57 | 202.96 | OK | |
r-devel-linux-x86_64-debian-gcc | 1.3.3 | 82.48 | 79.99 | 162.47 | OK | |
r-devel-linux-x86_64-fedora-clang | 1.3.3 | 274.27 | NOTE | |||
r-devel-linux-x86_64-fedora-gcc | 1.3.3 | 264.76 | NOTE | |||
r-devel-windows-x86_64 | 1.3.3 | 148.00 | 178.00 | 326.00 | OK | |
r-devel-windows-x86_64-gcc10-UCRT | 1.3.3 | NOTE | ||||
r-patched-linux-x86_64 | 1.3.3 | 88.67 | 91.73 | 180.40 | OK | |
r-release-linux-x86_64 | 1.3.3 | 102.92 | 91.72 | 194.64 | OK | |
r-release-macos-arm64 | 1.3.3 | NOTE | ||||
r-release-macos-x86_64 | 1.3.3 | NOTE | ||||
r-release-windows-ix86+x86_64 | 1.3.3 | 106.00 | 112.00 | 218.00 | OK | |
r-oldrel-macos-x86_64 | 1.3.3 | NOTE | ||||
r-oldrel-windows-ix86+x86_64 | 1.3.3 | 107.00 | 136.00 | 243.00 | OK |
Version: 1.3.3
Check: dependencies in R code
Result: NOTE
Namespaces in Imports field not imported from:
‘Matrix’ ‘arules’ ‘pmml’ ‘rJava’
All declared Imports should be used.
Flavors: r-devel-linux-x86_64-fedora-clang, r-devel-linux-x86_64-fedora-gcc, r-devel-windows-x86_64-gcc10-UCRT, r-release-macos-arm64, r-release-macos-x86_64, r-oldrel-macos-x86_64