CRAN Package Check Results for Package RImageJROI

Last updated on 2021-11-01 00:49:51 CET.

Flavor Version Tinstall Tcheck Ttotal Status Flags
r-devel-linux-x86_64-debian-clang 0.1.2 8.04 72.33 80.37 NOTE
r-devel-linux-x86_64-debian-gcc 0.1.2 7.43 58.05 65.48 NOTE
r-devel-linux-x86_64-fedora-clang 0.1.2 108.73 NOTE
r-devel-linux-x86_64-fedora-gcc 0.1.2 99.91 NOTE
r-devel-windows-x86_64 0.1.2 13.00 121.00 134.00 NOTE
r-devel-windows-x86_64-gcc10-UCRT 0.1.2 NOTE
r-patched-linux-x86_64 0.1.2 12.94 70.75 83.69 NOTE
r-patched-solaris-x86 0.1.2 145.80 NOTE
r-release-linux-x86_64 0.1.2 7.75 70.15 77.90 NOTE
r-release-macos-arm64 0.1.2 NOTE
r-release-macos-x86_64 0.1.2 NOTE
r-release-windows-ix86+x86_64 0.1.2 11.00 66.00 77.00 NOTE
r-oldrel-macos-x86_64 0.1.2 OK
r-oldrel-windows-ix86+x86_64 0.1.2 13.00 109.00 122.00 OK

Check Details

Version: 0.1.2
Check: LazyData
Result: NOTE
     'LazyData' is specified without a 'data' directory
Flavors: r-devel-linux-x86_64-debian-clang, r-devel-linux-x86_64-debian-gcc, r-devel-linux-x86_64-fedora-clang, r-devel-linux-x86_64-fedora-gcc, r-devel-windows-x86_64, r-devel-windows-x86_64-gcc10-UCRT, r-patched-linux-x86_64, r-patched-solaris-x86, r-release-linux-x86_64, r-release-macos-arm64, r-release-macos-x86_64, r-release-windows-ix86+x86_64