Last updated on 2021-11-01 00:49:50 CET.
Flavor | Version | Tinstall | Tcheck | Ttotal | Status | Flags |
---|---|---|---|---|---|---|
r-devel-linux-x86_64-debian-clang | 0.2.1 | 3.15 | 407.84 | 410.99 | NOTE | |
r-devel-linux-x86_64-debian-gcc | 0.2.1 | 2.42 | 424.74 | 427.16 | NOTE | |
r-devel-linux-x86_64-fedora-clang | 0.2.1 | 507.02 | NOTE | |||
r-devel-linux-x86_64-fedora-gcc | 0.2.1 | 498.40 | NOTE | |||
r-devel-windows-x86_64 | 0.2.1 | 4.00 | 527.00 | 531.00 | NOTE | |
r-devel-windows-x86_64-gcc10-UCRT | 0.2.1 | NOTE | ||||
r-patched-linux-x86_64 | 0.2.1 | 3.21 | 403.27 | 406.48 | NOTE | |
r-patched-solaris-x86 | 0.2.1 | 1344.60 | NOTE | |||
r-release-linux-x86_64 | 0.2.1 | 2.96 | 395.23 | 398.19 | NOTE | |
r-release-macos-arm64 | 0.2.1 | NOTE | ||||
r-release-macos-x86_64 | 0.2.1 | NOTE | ||||
r-release-windows-ix86+x86_64 | 0.2.1 | 4.00 | 444.00 | 448.00 | NOTE | |
r-oldrel-macos-x86_64 | 0.2.1 | OK | ||||
r-oldrel-windows-ix86+x86_64 | 0.2.1 | 6.00 | 497.00 | 503.00 | OK |
Version: 0.2.1
Check: LazyData
Result: NOTE
'LazyData' is specified without a 'data' directory
Flavors: r-devel-linux-x86_64-debian-clang, r-devel-linux-x86_64-debian-gcc, r-devel-linux-x86_64-fedora-clang, r-devel-linux-x86_64-fedora-gcc, r-devel-windows-x86_64, r-devel-windows-x86_64-gcc10-UCRT, r-patched-linux-x86_64, r-patched-solaris-x86, r-release-linux-x86_64, r-release-macos-arm64, r-release-macos-x86_64, r-release-windows-ix86+x86_64