Last updated on 2021-11-01 00:49:49 CET.
Flavor | Version | Tinstall | Tcheck | Ttotal | Status | Flags |
---|---|---|---|---|---|---|
r-devel-linux-x86_64-debian-clang | 1.0-2 | 48.22 | 119.47 | 167.69 | OK | |
r-devel-linux-x86_64-debian-gcc | 1.0-2 | 48.70 | 102.28 | 150.98 | OK | |
r-devel-linux-x86_64-fedora-clang | 1.0-2 | 238.34 | OK | |||
r-devel-linux-x86_64-fedora-gcc | 1.0-2 | 220.66 | OK | |||
r-devel-windows-x86_64 | 1.0-2 | 73.00 | 146.00 | 219.00 | OK | |
r-devel-windows-x86_64-gcc10-UCRT | 1.0-2 | OK | ||||
r-patched-linux-x86_64 | 1.0-2 | 50.42 | 121.26 | 171.68 | OK | |
r-patched-solaris-x86 | 1.0-2 | 434.70 | OK | |||
r-release-linux-x86_64 | 1.0-2 | 51.17 | 121.41 | 172.58 | OK | |
r-release-macos-arm64 | 1.0-2 | NOTE | ||||
r-release-macos-x86_64 | 1.0-2 | OK | ||||
r-release-windows-ix86+x86_64 | 1.0-2 | 84.00 | 149.00 | 233.00 | OK | |
r-oldrel-macos-x86_64 | 1.0-2 | OK | ||||
r-oldrel-windows-ix86+x86_64 | 1.0-2 | 84.00 | 151.00 | 235.00 | OK |
Version: 1.0-2
Check: installed package size
Result: NOTE
installed size is 5.3Mb
sub-directories of 1Mb or more:
R 5.1Mb
Flavor: r-release-macos-arm64