CRAN Package Check Results for Package PublicationBias

Last updated on 2021-11-01 00:49:49 CET.

Flavor Version Tinstall Tcheck Ttotal Status Flags
r-devel-linux-x86_64-debian-clang 2.2.0 9.98 88.33 98.31 NOTE
r-devel-linux-x86_64-debian-gcc 2.2.0 7.56 67.17 74.73 NOTE
r-devel-linux-x86_64-fedora-clang 2.2.0 136.63 NOTE
r-devel-linux-x86_64-fedora-gcc 2.2.0 117.83 NOTE
r-devel-windows-x86_64 2.2.0 15.00 115.00 130.00 NOTE
r-devel-windows-x86_64-gcc10-UCRT 2.2.0 NOTE
r-patched-linux-x86_64 2.2.0 8.22 82.28 90.50 NOTE
r-patched-solaris-x86 2.2.0 174.40 NOTE
r-release-linux-x86_64 2.2.0 9.15 83.83 92.98 NOTE
r-release-macos-arm64 2.2.0 NOTE
r-release-macos-x86_64 2.2.0 NOTE
r-release-windows-ix86+x86_64 2.2.0 18.00 84.00 102.00 NOTE
r-oldrel-macos-x86_64 2.2.0 NOTE
r-oldrel-windows-ix86+x86_64 2.2.0 19.00 112.00 131.00 OK

Check Details

Version: 2.2.0
Check: LazyData
Result: NOTE
     'LazyData' is specified without a 'data' directory
Flavors: r-devel-linux-x86_64-debian-clang, r-devel-linux-x86_64-debian-gcc, r-devel-linux-x86_64-fedora-clang, r-devel-linux-x86_64-fedora-gcc, r-devel-windows-x86_64, r-devel-windows-x86_64-gcc10-UCRT, r-patched-linux-x86_64, r-patched-solaris-x86, r-release-linux-x86_64, r-release-macos-arm64, r-release-macos-x86_64, r-release-windows-ix86+x86_64

Version: 2.2.0
Check: dependencies in R code
Result: NOTE
    Namespace in Imports field not imported from: ‘Rdpack’
     All declared Imports should be used.
Flavors: r-devel-linux-x86_64-fedora-clang, r-devel-linux-x86_64-fedora-gcc, r-devel-windows-x86_64-gcc10-UCRT, r-patched-solaris-x86, r-release-macos-arm64, r-release-macos-x86_64, r-oldrel-macos-x86_64