Last updated on 2021-11-01 00:49:48 CET.
Flavor | Version | Tinstall | Tcheck | Ttotal | Status | Flags |
---|---|---|---|---|---|---|
r-devel-linux-x86_64-debian-clang | 0.10.2 | 5.88 | 57.50 | 63.38 | OK | |
r-devel-linux-x86_64-debian-gcc | 0.10.2 | 4.30 | 42.00 | 46.30 | OK | |
r-devel-linux-x86_64-fedora-clang | 0.10.2 | 86.66 | OK | |||
r-devel-linux-x86_64-fedora-gcc | 0.10.2 | 74.00 | OK | |||
r-devel-windows-x86_64 | 0.10.2 | 9.00 | 116.00 | 125.00 | OK | |
r-devel-windows-x86_64-gcc10-UCRT | 0.10.2 | OK | ||||
r-patched-linux-x86_64 | 0.10.2 | 5.81 | 53.90 | 59.71 | OK | |
r-patched-solaris-x86 | 0.10.2 | 101.30 | OK | |||
r-release-linux-x86_64 | 0.10.2 | 5.46 | 53.85 | 59.31 | OK | |
r-release-macos-arm64 | 0.10.2 | NOTE | ||||
r-release-macos-x86_64 | 0.10.2 | OK | ||||
r-release-windows-ix86+x86_64 | 0.10.2 | 8.00 | 81.00 | 89.00 | OK | |
r-oldrel-macos-x86_64 | 0.10.2 | OK | ||||
r-oldrel-windows-ix86+x86_64 | 0.10.2 | 8.00 | 81.00 | 89.00 | OK |
Version: 0.10.2
Check: package dependencies
Result: NOTE
Package suggested but not available for checking: ‘RODBC’
Flavor: r-release-macos-arm64