CRAN Package Check Results for Package ProbReco

Last updated on 2021-11-01 00:49:48 CET.

Flavor Version Tinstall Tcheck Ttotal Status Flags
r-devel-linux-x86_64-debian-clang 0.1.0.1 46.06 67.73 113.79 OK
r-devel-linux-x86_64-debian-gcc 0.1.0.1 40.55 54.47 95.02 OK
r-devel-linux-x86_64-fedora-clang 0.1.0.1 176.65 NOTE
r-devel-linux-x86_64-fedora-gcc 0.1.0.1 167.00 NOTE
r-devel-windows-x86_64 0.1.0.1 74.00 106.00 180.00 OK
r-devel-windows-x86_64-gcc10-UCRT 0.1.0.1 NOTE
r-patched-linux-x86_64 0.1.0.1 51.71 70.50 122.21 OK
r-patched-solaris-x86 0.1.0.1 150.80 NOTE
r-release-linux-x86_64 0.1.0.1 50.73 70.41 121.14 OK
r-release-macos-arm64 0.1.0.1 NOTE
r-release-macos-x86_64 0.1.0.1 NOTE
r-release-windows-ix86+x86_64 0.1.0.1 104.00 101.00 205.00 OK
r-oldrel-macos-x86_64 0.1.0.1 NOTE
r-oldrel-windows-ix86+x86_64 0.1.0.1 109.00 134.00 243.00 OK

Check Details

Version: 0.1.0.1
Check: installed package size
Result: NOTE
     installed size is 5.4Mb
     sub-directories of 1Mb or more:
     libs 5.0Mb
Flavors: r-devel-linux-x86_64-fedora-clang, r-release-macos-arm64, r-release-macos-x86_64, r-oldrel-macos-x86_64

Version: 0.1.0.1
Check: dependencies in R code
Result: NOTE
    Namespace in Imports field not imported from: ‘Rdpack’
     All declared Imports should be used.
Flavors: r-devel-linux-x86_64-fedora-clang, r-devel-linux-x86_64-fedora-gcc, r-devel-windows-x86_64-gcc10-UCRT, r-patched-solaris-x86, r-release-macos-arm64, r-release-macos-x86_64, r-oldrel-macos-x86_64