Last updated on 2021-11-01 00:49:48 CET.
Flavor | Version | Tinstall | Tcheck | Ttotal | Status | Flags |
---|---|---|---|---|---|---|
r-devel-linux-x86_64-debian-clang | 0.1.1 | 4.16 | 448.73 | 452.89 | OK | |
r-devel-linux-x86_64-debian-gcc | 0.1.1 | 3.62 | 326.20 | 329.82 | OK | |
r-devel-linux-x86_64-fedora-clang | 0.1.1 | 582.73 | NOTE | |||
r-devel-linux-x86_64-fedora-gcc | 0.1.1 | 582.37 | NOTE | |||
r-devel-windows-x86_64 | 0.1.1 | 8.00 | 53.00 | 61.00 | OK | |
r-devel-windows-x86_64-gcc10-UCRT | 0.1.1 | NOTE | ||||
r-patched-linux-x86_64 | 0.1.1 | 4.09 | 441.52 | 445.61 | OK | |
r-patched-solaris-x86 | 0.1.1 | 126.70 | NOTE | |||
r-release-linux-x86_64 | 0.1.1 | 3.48 | 440.46 | 443.94 | OK | |
r-release-macos-arm64 | 0.1.1 | NOTE | ||||
r-release-macos-x86_64 | 0.1.1 | NOTE | ||||
r-release-windows-ix86+x86_64 | 0.1.1 | 7.00 | 41.00 | 48.00 | OK | |
r-oldrel-macos-x86_64 | 0.1.1 | NOTE | ||||
r-oldrel-windows-ix86+x86_64 | 0.1.1 | 8.00 | 58.00 | 66.00 | OK |
Version: 0.1.1
Check: dependencies in R code
Result: NOTE
Namespaces in Imports field not imported from:
‘Rcpp’ ‘StanHeaders’ ‘dplyr’ ‘ggplot2’ ‘gridExtra’ ‘rstan’ ‘tibble’
All declared Imports should be used.
Flavors: r-devel-linux-x86_64-fedora-clang, r-devel-linux-x86_64-fedora-gcc, r-devel-windows-x86_64-gcc10-UCRT, r-patched-solaris-x86, r-release-macos-arm64, r-release-macos-x86_64, r-oldrel-macos-x86_64