CRAN Package Check Results for Package PieceExpIntensity

Last updated on 2021-11-01 00:49:48 CET.

Flavor Version Tinstall Tcheck Ttotal Status Flags
r-devel-linux-x86_64-debian-clang 1.0.4 26.59 25.74 52.33 NOTE
r-devel-linux-x86_64-debian-gcc 1.0.4 19.04 20.20 39.24 NOTE
r-devel-linux-x86_64-fedora-clang 1.0.4 96.59 NOTE
r-devel-linux-x86_64-fedora-gcc 1.0.4 73.92 NOTE
r-devel-windows-x86_64 1.0.4 39.00 58.00 97.00 NOTE
r-devel-windows-x86_64-gcc10-UCRT 1.0.4 NOTE
r-patched-linux-x86_64 1.0.4 24.92 25.00 49.92 NOTE
r-patched-solaris-x86 1.0.4 87.20 NOTE
r-release-linux-x86_64 1.0.4 27.04 24.88 51.92 NOTE
r-release-macos-arm64 1.0.4 NOTE
r-release-macos-x86_64 1.0.4 NOTE
r-release-windows-ix86+x86_64 1.0.4 57.00 57.00 114.00 NOTE
r-oldrel-macos-x86_64 1.0.4 OK
r-oldrel-windows-ix86+x86_64 1.0.4 57.00 69.00 126.00 OK

Check Details

Version: 1.0.4
Check: LazyData
Result: NOTE
     'LazyData' is specified without a 'data' directory
Flavors: r-devel-linux-x86_64-debian-clang, r-devel-linux-x86_64-debian-gcc, r-devel-linux-x86_64-fedora-clang, r-devel-linux-x86_64-fedora-gcc, r-devel-windows-x86_64, r-devel-windows-x86_64-gcc10-UCRT, r-patched-linux-x86_64, r-patched-solaris-x86, r-release-linux-x86_64, r-release-macos-arm64, r-release-macos-x86_64, r-release-windows-ix86+x86_64