Last updated on 2021-11-01 00:49:48 CET.
Flavor | Version | Tinstall | Tcheck | Ttotal | Status | Flags |
---|---|---|---|---|---|---|
r-devel-linux-x86_64-debian-clang | 0.3.4 | 32.06 | 241.87 | 273.93 | OK | |
r-devel-linux-x86_64-debian-gcc | 0.3.4 | 22.05 | 177.66 | 199.71 | OK | |
r-devel-linux-x86_64-fedora-clang | 0.3.4 | 355.65 | NOTE | |||
r-devel-linux-x86_64-fedora-gcc | 0.3.4 | 325.57 | OK | |||
r-devel-windows-x86_64 | 0.3.4 | 44.00 | 335.00 | 379.00 | NOTE | |
r-devel-windows-x86_64-gcc10-UCRT | 0.3.4 | OK | ||||
r-patched-linux-x86_64 | 0.3.4 | 27.58 | 241.34 | 268.92 | OK | |
r-patched-solaris-x86 | 0.3.4 | 302.10 | NOTE | |||
r-release-linux-x86_64 | 0.3.4 | 27.39 | 241.45 | 268.84 | OK | |
r-release-macos-arm64 | 0.3.4 | NOTE | ||||
r-release-macos-x86_64 | 0.3.4 | NOTE | ||||
r-release-windows-ix86+x86_64 | 0.3.4 | 55.00 | 304.00 | 359.00 | NOTE | |
r-oldrel-macos-x86_64 | 0.3.4 | NOTE | ||||
r-oldrel-windows-ix86+x86_64 | 0.3.4 | 58.00 | 425.00 | 483.00 | NOTE |
Version: 0.3.4
Check: installed package size
Result: NOTE
installed size is 5.6Mb
sub-directories of 1Mb or more:
doc 1.5Mb
extdata 3.2Mb
Flavors: r-devel-linux-x86_64-fedora-clang, r-devel-windows-x86_64, r-patched-solaris-x86, r-release-macos-arm64, r-release-macos-x86_64, r-release-windows-ix86+x86_64, r-oldrel-macos-x86_64, r-oldrel-windows-ix86+x86_64