CRAN Package Check Results for Package PenCoxFrail

Last updated on 2021-11-01 00:49:47 CET.

Flavor Version Tinstall Tcheck Ttotal Status Flags
r-devel-linux-x86_64-debian-clang 1.0.1 29.48 67.50 96.98 OK
r-devel-linux-x86_64-debian-gcc 1.0.1 26.79 52.65 79.44 OK
r-devel-linux-x86_64-fedora-clang 1.0.1 152.82 NOTE
r-devel-linux-x86_64-fedora-gcc 1.0.1 130.59 NOTE
r-devel-windows-x86_64 1.0.1 49.00 98.00 147.00 OK
r-devel-windows-x86_64-gcc10-UCRT 1.0.1 OK
r-patched-linux-x86_64 1.0.1 33.87 65.73 99.60 OK
r-patched-solaris-x86 1.0.1 164.90 OK
r-release-linux-x86_64 1.0.1 34.47 65.72 100.19 OK
r-release-macos-arm64 1.0.1 OK
r-release-macos-x86_64 1.0.1 OK
r-release-windows-ix86+x86_64 1.0.1 68.00 90.00 158.00 OK
r-oldrel-macos-x86_64 1.0.1 OK
r-oldrel-windows-ix86+x86_64 1.0.1 70.00 119.00 189.00 OK

Check Details

Version: 1.0.1
Check: compiled code
Result: NOTE
    File ‘PenCoxFrail/libs/PenCoxFrail.so’:
     Found no calls to: ‘R_registerRoutines’, ‘R_useDynamicSymbols’
    
    It is good practice to register native routines and to disable symbol
    search.
    
    See ‘Writing portable packages’ in the ‘Writing R Extensions’ manual.
Flavors: r-devel-linux-x86_64-fedora-clang, r-devel-linux-x86_64-fedora-gcc