Last updated on 2021-11-01 00:49:47 CET.
Flavor | Version | Tinstall | Tcheck | Ttotal | Status | Flags |
---|---|---|---|---|---|---|
r-devel-linux-x86_64-debian-clang | 1.14 | 8.14 | 71.30 | 79.44 | NOTE | |
r-devel-linux-x86_64-debian-gcc | 1.14 | 6.33 | 54.03 | 60.36 | NOTE | |
r-devel-linux-x86_64-fedora-clang | 1.14 | 109.73 | NOTE | |||
r-devel-linux-x86_64-fedora-gcc | 1.14 | 101.91 | NOTE | |||
r-devel-windows-x86_64 | 1.14 | 13.00 | 95.00 | 108.00 | NOTE | |
r-devel-windows-x86_64-gcc10-UCRT | 1.14 | NOTE | ||||
r-patched-linux-x86_64 | 1.14 | 8.40 | 67.77 | 76.17 | NOTE | |
r-patched-solaris-x86 | 1.14 | 116.60 | NOTE | |||
r-release-linux-x86_64 | 1.14 | 7.09 | 67.11 | 74.20 | NOTE | |
r-release-macos-arm64 | 1.14 | NOTE | ||||
r-release-macos-x86_64 | 1.14 | NOTE | ||||
r-release-windows-ix86+x86_64 | 1.14 | 14.00 | 91.00 | 105.00 | NOTE | |
r-oldrel-macos-x86_64 | 1.14 | OK | ||||
r-oldrel-windows-ix86+x86_64 | 1.14 | 12.00 | 122.00 | 134.00 | OK |
Version: 1.14
Check: LazyData
Result: NOTE
'LazyData' is specified without a 'data' directory
Flavors: r-devel-linux-x86_64-debian-clang, r-devel-linux-x86_64-debian-gcc, r-devel-linux-x86_64-fedora-clang, r-devel-linux-x86_64-fedora-gcc, r-devel-windows-x86_64, r-devel-windows-x86_64-gcc10-UCRT, r-patched-linux-x86_64, r-patched-solaris-x86, r-release-linux-x86_64, r-release-macos-arm64, r-release-macos-x86_64, r-release-windows-ix86+x86_64