Last updated on 2021-11-01 00:49:47 CET.
Flavor | Version | Tinstall | Tcheck | Ttotal | Status | Flags |
---|---|---|---|---|---|---|
r-devel-linux-x86_64-debian-clang | 2.0.2 | 3.37 | 41.16 | 44.53 | OK | |
r-devel-linux-x86_64-debian-gcc | 2.0.2 | 2.25 | 32.54 | 34.79 | OK | |
r-devel-linux-x86_64-fedora-clang | 2.0.2 | 68.82 | OK | |||
r-devel-linux-x86_64-fedora-gcc | 2.0.2 | 57.44 | OK | |||
r-devel-windows-x86_64 | 2.0.2 | 6.00 | 82.00 | 88.00 | OK | |
r-devel-windows-x86_64-gcc10-UCRT | 2.0.2 | OK | ||||
r-patched-linux-x86_64 | 2.0.2 | 2.81 | 41.32 | 44.13 | OK | |
r-patched-solaris-x86 | 2.0.2 | 76.80 | OK | |||
r-release-linux-x86_64 | 2.0.2 | 2.93 | 40.66 | 43.59 | OK | |
r-release-macos-arm64 | 2.0.2 | OK | ||||
r-release-macos-x86_64 | 2.0.2 | WARN | ||||
r-release-windows-ix86+x86_64 | 2.0.2 | 6.00 | 64.00 | 70.00 | OK | |
r-oldrel-macos-x86_64 | 2.0.2 | WARN | ||||
r-oldrel-windows-ix86+x86_64 | 2.0.2 | 6.00 | 77.00 | 83.00 | OK |
Version: 2.0.2
Check: re-building of vignette outputs
Result: WARN
Error(s) in re-building vignettes:
...
--- re-building ‘Logging.Rmd’ using rmarkdown
Warning in engine$weave(file, quiet = quiet, encoding = enc) :
Pandoc (>= 1.12.3) not available. Falling back to R Markdown v1.
Error: processing vignette 'Logging.Rmd' failed with diagnostics:
there is no package called 'stringi'
--- failed re-building ‘Logging.Rmd’
--- re-building ‘Parallel.Rmd’ using rmarkdown
Warning in engine$weave(file, quiet = quiet, encoding = enc) :
Pandoc (>= 1.12.3) not available. Falling back to R Markdown v1.
Error: processing vignette 'Parallel.Rmd' failed with diagnostics:
there is no package called 'stringi'
--- failed re-building ‘Parallel.Rmd’
SUMMARY: processing the following files failed:
‘Logging.Rmd’ ‘Parallel.Rmd’
Error: Vignette re-building failed.
Execution halted
Flavors: r-release-macos-x86_64, r-oldrel-macos-x86_64