CRAN Package Check Results for Package PakPMICS2018

Last updated on 2021-11-01 00:49:47 CET.

Flavor Version Tinstall Tcheck Ttotal Status Flags
r-devel-linux-x86_64-debian-clang 1.0.0 3.82 48.05 51.87 NOTE
r-devel-linux-x86_64-debian-gcc 1.0.0 2.77 36.85 39.62 NOTE
r-devel-linux-x86_64-fedora-clang 1.0.0 78.08 NOTE
r-devel-linux-x86_64-fedora-gcc 1.0.0 62.52 NOTE
r-devel-windows-x86_64 1.0.0 6.00 59.00 65.00 NOTE
r-devel-windows-x86_64-gcc10-UCRT 1.0.0 NOTE
r-patched-linux-x86_64 1.0.0 4.49 49.40 53.89 NOTE
r-patched-solaris-x86 1.0.0 81.90 NOTE
r-release-linux-x86_64 1.0.0 3.82 48.60 52.42 NOTE
r-release-macos-arm64 1.0.0 NOTE
r-release-macos-x86_64 1.0.0 NOTE
r-release-windows-ix86+x86_64 1.0.0 6.00 46.00 52.00 NOTE
r-oldrel-macos-x86_64 1.0.0 OK
r-oldrel-windows-ix86+x86_64 1.0.0 6.00 63.00 69.00 OK

Check Details

Version: 1.0.0
Check: LazyData
Result: NOTE
     'LazyData' is specified without a 'data' directory
Flavors: r-devel-linux-x86_64-debian-clang, r-devel-linux-x86_64-debian-gcc, r-devel-linux-x86_64-fedora-clang, r-devel-linux-x86_64-fedora-gcc, r-devel-windows-x86_64, r-devel-windows-x86_64-gcc10-UCRT, r-patched-linux-x86_64, r-patched-solaris-x86, r-release-linux-x86_64, r-release-macos-arm64, r-release-macos-x86_64, r-release-windows-ix86+x86_64