CRAN Package Check Results for Package PakPC2017

Last updated on 2021-11-01 00:49:47 CET.

Flavor Version Tinstall Tcheck Ttotal Status Flags
r-devel-linux-x86_64-debian-clang 1.0.0 7.12 48.99 56.11 OK
r-devel-linux-x86_64-debian-gcc 1.0.0 6.02 37.99 44.01 OK
r-devel-linux-x86_64-fedora-clang 1.0.0 84.96 NOTE
r-devel-linux-x86_64-fedora-gcc 1.0.0 67.30 NOTE
r-devel-windows-x86_64 1.0.0 12.00 72.00 84.00 OK
r-devel-windows-x86_64-gcc10-UCRT 1.0.0 NOTE
r-patched-linux-x86_64 1.0.0 7.34 46.60 53.94 OK
r-patched-solaris-x86 1.0.0 102.30 NOTE
r-release-linux-x86_64 1.0.0 6.20 46.36 52.56 OK
r-release-macos-arm64 1.0.0 NOTE
r-release-macos-x86_64 1.0.0 NOTE
r-release-windows-ix86+x86_64 1.0.0 10.00 50.00 60.00 OK
r-oldrel-macos-x86_64 1.0.0 NOTE
r-oldrel-windows-ix86+x86_64 1.0.0 12.00 70.00 82.00 OK

Check Details

Version: 1.0.0
Check: dependencies in R code
Result: NOTE
    Namespace in Imports field not imported from: ‘stats’
     All declared Imports should be used.
Flavors: r-devel-linux-x86_64-fedora-clang, r-devel-linux-x86_64-fedora-gcc, r-devel-windows-x86_64-gcc10-UCRT, r-patched-solaris-x86, r-release-macos-arm64, r-release-macos-x86_64, r-oldrel-macos-x86_64