CRAN Package Check Results for Package PWD

Last updated on 2021-11-01 00:49:49 CET.

Flavor Version Tinstall Tcheck Ttotal Status Flags
r-devel-linux-x86_64-debian-clang 1.0 30.97 26.84 57.81 OK
r-devel-linux-x86_64-debian-gcc 1.0 22.68 21.47 44.15 OK
r-devel-linux-x86_64-fedora-clang 1.0 99.48 NOTE
r-devel-linux-x86_64-fedora-gcc 1.0 77.00 NOTE
r-devel-windows-x86_64 1.0 40.00 56.00 96.00 OK
r-devel-windows-x86_64-gcc10-UCRT 1.0 OK
r-patched-linux-x86_64 1.0 25.59 26.30 51.89 OK
r-patched-solaris-x86 1.0 91.80 OK
r-release-linux-x86_64 1.0 26.61 26.27 52.88 OK
r-release-macos-arm64 1.0 OK
r-release-macos-x86_64 1.0 OK
r-release-windows-ix86+x86_64 1.0 57.00 53.00 110.00 OK
r-oldrel-macos-x86_64 1.0 OK
r-oldrel-windows-ix86+x86_64 1.0 56.00 66.00 122.00 OK

Check Details

Version: 1.0
Check: compiled code
Result: NOTE
    File ‘PWD/libs/PWD.so’:
     Found no calls to: ‘R_registerRoutines’, ‘R_useDynamicSymbols’
    
    It is good practice to register native routines and to disable symbol
    search.
    
    See ‘Writing portable packages’ in the ‘Writing R Extensions’ manual.
Flavors: r-devel-linux-x86_64-fedora-clang, r-devel-linux-x86_64-fedora-gcc