CRAN Package Check Results for Package PPRL

Last updated on 2021-11-01 00:49:48 CET.

Flavor Version Tinstall Tcheck Ttotal Status Flags
r-devel-linux-x86_64-debian-clang 0.3.6 221.80 28.07 249.87 NOTE
r-devel-linux-x86_64-debian-gcc 0.3.6 160.57 22.56 183.13 NOTE
r-devel-linux-x86_64-fedora-clang 0.3.6 476.41 NOTE
r-devel-linux-x86_64-fedora-gcc 0.3.6 363.47 NOTE
r-devel-windows-x86_64 0.3.6 308.00 60.00 368.00 NOTE
r-devel-windows-x86_64-gcc10-UCRT 0.3.6 NOTE
r-patched-linux-x86_64 0.3.6 192.15 28.06 220.21 NOTE
r-patched-solaris-x86 0.3.6 305.60 NOTE
r-release-linux-x86_64 0.3.6 191.72 27.86 219.58 NOTE
r-release-macos-arm64 0.3.6 NOTE
r-release-macos-x86_64 0.3.6 NOTE
r-release-windows-ix86+x86_64 0.3.6 469.00 65.00 534.00 NOTE
r-oldrel-macos-x86_64 0.3.6 NOTE
r-oldrel-windows-ix86+x86_64 0.3.6 428.00 79.00 507.00 OK

Check Details

Version: 0.3.6
Check: LazyData
Result: NOTE
     'LazyData' is specified without a 'data' directory
Flavors: r-devel-linux-x86_64-debian-clang, r-devel-linux-x86_64-debian-gcc, r-devel-linux-x86_64-fedora-clang, r-devel-linux-x86_64-fedora-gcc, r-devel-windows-x86_64, r-devel-windows-x86_64-gcc10-UCRT, r-patched-linux-x86_64, r-patched-solaris-x86, r-release-linux-x86_64, r-release-macos-arm64, r-release-macos-x86_64, r-release-windows-ix86+x86_64

Version: 0.3.6
Check: installed package size
Result: NOTE
     installed size is 9.3Mb
     sub-directories of 1Mb or more:
     libs 8.3Mb
Flavors: r-devel-linux-x86_64-fedora-clang, r-release-macos-arm64, r-release-macos-x86_64, r-oldrel-macos-x86_64