Last updated on 2021-11-01 00:49:47 CET.
Flavor | Version | Tinstall | Tcheck | Ttotal | Status | Flags |
---|---|---|---|---|---|---|
r-devel-linux-x86_64-debian-clang | 0.14.4 | 30.61 | 202.95 | 233.56 | OK | |
r-devel-linux-x86_64-debian-gcc | 0.14.4 | 25.11 | 154.70 | 179.81 | OK | |
r-devel-linux-x86_64-fedora-clang | 0.14.4 | 298.40 | NOTE | |||
r-devel-linux-x86_64-fedora-gcc | 0.14.4 | 283.63 | NOTE | |||
r-devel-windows-x86_64 | 0.14.4 | 39.00 | 225.00 | 264.00 | OK | |
r-devel-windows-x86_64-gcc10-UCRT | 0.14.4 | NOTE | ||||
r-patched-linux-x86_64 | 0.14.4 | 38.31 | 194.34 | 232.65 | OK | |
r-patched-solaris-x86 | 0.14.4 | 396.10 | NOTE | |||
r-release-linux-x86_64 | 0.14.4 | 28.46 | 194.82 | 223.28 | OK | |
r-release-macos-arm64 | 0.14.4 | NOTE | ||||
r-release-macos-x86_64 | 0.14.4 | NOTE | ||||
r-release-windows-ix86+x86_64 | 0.14.4 | 35.00 | 163.00 | 198.00 | OK | |
r-oldrel-macos-x86_64 | 0.14.4 | NOTE | ||||
r-oldrel-windows-ix86+x86_64 | 0.14.4 | 36.00 | 152.00 | 188.00 | OK |
Version: 0.14.4
Check: dependencies in R code
Result: NOTE
Namespaces in Imports field not imported from:
‘rjson’ ‘rstudioapi’
All declared Imports should be used.
Flavors: r-devel-linux-x86_64-fedora-clang, r-devel-linux-x86_64-fedora-gcc, r-devel-windows-x86_64-gcc10-UCRT, r-patched-solaris-x86, r-release-macos-arm64, r-release-macos-x86_64, r-oldrel-macos-x86_64