CRAN Package Check Results for Package PAMA

Last updated on 2021-11-01 00:49:47 CET.

Flavor Version Tinstall Tcheck Ttotal Status Flags
r-devel-linux-x86_64-debian-clang 1.2.0 11.64 39.87 51.51 OK
r-devel-linux-x86_64-debian-gcc 1.2.0 7.95 31.24 39.19 OK
r-devel-linux-x86_64-fedora-clang 1.2.0 75.11 NOTE
r-devel-linux-x86_64-fedora-gcc 1.2.0 61.00 NOTE
r-devel-windows-x86_64 1.2.0 16.00 68.00 84.00 OK
r-devel-windows-x86_64-gcc10-UCRT 1.2.0 NOTE
r-patched-linux-x86_64 1.2.0 9.25 38.56 47.81 OK
r-patched-solaris-x86 1.2.0 82.90 NOTE
r-release-linux-x86_64 1.2.0 10.61 38.93 49.54 OK
r-release-macos-arm64 1.2.0 NOTE
r-release-macos-x86_64 1.2.0 NOTE
r-release-windows-ix86+x86_64 1.2.0 19.00 66.00 85.00 OK
r-oldrel-macos-x86_64 1.2.0 NOTE
r-oldrel-windows-ix86+x86_64 1.2.0 20.00 87.00 107.00 OK

Check Details

Version: 1.2.0
Check: dependencies in R code
Result: NOTE
    Namespace in Imports field not imported from: ‘Rcpp’
     All declared Imports should be used.
Flavors: r-devel-linux-x86_64-fedora-clang, r-devel-linux-x86_64-fedora-gcc, r-devel-windows-x86_64-gcc10-UCRT, r-patched-solaris-x86, r-release-macos-arm64, r-release-macos-x86_64, r-oldrel-macos-x86_64

Version: 1.2.0
Check: compiled code
Result: NOTE
    File ‘PAMA/libs/PAMA.so’:
     Found no calls to: ‘R_registerRoutines’, ‘R_useDynamicSymbols’
    
    It is good practice to register native routines and to disable symbol
    search.
    
    See ‘Writing portable packages’ in the ‘Writing R Extensions’ manual.
Flavors: r-devel-linux-x86_64-fedora-clang, r-devel-linux-x86_64-fedora-gcc