CRAN Package Check Results for Package NlinTS

Last updated on 2021-11-01 00:49:46 CET.

Flavor Version Tinstall Tcheck Ttotal Status Flags
r-devel-linux-x86_64-debian-clang 1.4.5 123.52 49.88 173.40 OK
r-devel-linux-x86_64-debian-gcc 1.4.5 93.98 38.91 132.89 OK
r-devel-linux-x86_64-fedora-clang 1.4.5 292.52 NOTE
r-devel-linux-x86_64-fedora-gcc 1.4.5 246.17 OK
r-devel-windows-x86_64 1.4.5 171.00 81.00 252.00 OK
r-devel-windows-x86_64-gcc10-UCRT 1.4.5 OK
r-patched-linux-x86_64 1.4.5 115.27 47.31 162.58 OK
r-patched-solaris-x86 1.4.5 219.50 OK
r-release-linux-x86_64 1.4.5 110.82 47.72 158.54 OK
r-release-macos-arm64 1.4.5 NOTE
r-release-macos-x86_64 1.4.5 NOTE
r-release-windows-ix86+x86_64 1.4.5 246.00 80.00 326.00 OK
r-oldrel-macos-x86_64 1.4.5 NOTE
r-oldrel-windows-ix86+x86_64 1.4.5 235.00 105.00 340.00 OK

Check Details

Version: 1.4.5
Check: installed package size
Result: NOTE
     installed size is 7.6Mb
     sub-directories of 1Mb or more:
     libs 7.4Mb
Flavors: r-devel-linux-x86_64-fedora-clang, r-release-macos-arm64, r-release-macos-x86_64, r-oldrel-macos-x86_64