Last updated on 2021-11-01 00:49:46 CET.
Flavor | Version | Tinstall | Tcheck | Ttotal | Status | Flags |
---|---|---|---|---|---|---|
r-devel-linux-x86_64-debian-clang | 1.2.0 | 5.06 | 102.65 | 107.71 | OK | |
r-devel-linux-x86_64-debian-gcc | 1.2.0 | 3.70 | 78.00 | 81.70 | OK | |
r-devel-linux-x86_64-fedora-clang | 1.2.0 | 140.25 | NOTE | |||
r-devel-linux-x86_64-fedora-gcc | 1.2.0 | 127.63 | NOTE | |||
r-devel-windows-x86_64 | 1.2.0 | 8.00 | 136.00 | 144.00 | OK | |
r-devel-windows-x86_64-gcc10-UCRT | 1.2.0 | NOTE | ||||
r-patched-linux-x86_64 | 1.2.0 | 5.45 | 99.04 | 104.49 | OK | |
r-patched-solaris-x86 | 1.2.0 | 72.20 | NOTE | |||
r-release-linux-x86_64 | 1.2.0 | 4.71 | 99.65 | 104.36 | OK | |
r-release-macos-arm64 | 1.2.0 | NOTE | ||||
r-release-macos-x86_64 | 1.2.0 | NOTE | ||||
r-release-windows-ix86+x86_64 | 1.2.0 | 6.00 | 97.00 | 103.00 | OK | |
r-oldrel-macos-x86_64 | 1.2.0 | NOTE | ||||
r-oldrel-windows-ix86+x86_64 | 1.2.0 | 7.00 | 131.00 | 138.00 | OK |
Version: 1.2.0
Check: dependencies in R code
Result: NOTE
Namespaces in Imports field not imported from:
‘Rdpack’ ‘curl’ ‘mathjaxr’
All declared Imports should be used.
Flavors: r-devel-linux-x86_64-fedora-clang, r-devel-linux-x86_64-fedora-gcc, r-devel-windows-x86_64-gcc10-UCRT, r-patched-solaris-x86, r-release-macos-arm64, r-release-macos-x86_64, r-oldrel-macos-x86_64