Last updated on 2021-11-01 00:49:46 CET.
Flavor | Version | Tinstall | Tcheck | Ttotal | Status | Flags |
---|---|---|---|---|---|---|
r-devel-linux-x86_64-debian-clang | 1.0.1 | 20.72 | 156.76 | 177.48 | OK | |
r-devel-linux-x86_64-debian-gcc | 1.0.1 | 15.41 | 119.09 | 134.50 | OK | |
r-devel-linux-x86_64-fedora-clang | 1.0.1 | 225.36 | NOTE | |||
r-devel-linux-x86_64-fedora-gcc | 1.0.1 | 207.29 | NOTE | |||
r-devel-windows-x86_64 | 1.0.1 | 28.00 | 196.00 | 224.00 | OK | |
r-devel-windows-x86_64-gcc10-UCRT | 1.0.1 | NOTE | ||||
r-patched-linux-x86_64 | 1.0.1 | 17.17 | 150.40 | 167.57 | OK | |
r-patched-solaris-x86 | 1.0.1 | 293.90 | NOTE | |||
r-release-linux-x86_64 | 1.0.1 | 18.38 | 148.89 | 167.27 | OK | |
r-release-macos-arm64 | 1.0.1 | NOTE | ||||
r-release-macos-x86_64 | 1.0.1 | NOTE | ||||
r-release-windows-ix86+x86_64 | 1.0.1 | 32.00 | 143.00 | 175.00 | OK | |
r-oldrel-macos-x86_64 | 1.0.1 | NOTE | ||||
r-oldrel-windows-ix86+x86_64 | 1.0.1 | 31.00 | 194.00 | 225.00 | OK |
Version: 1.0.1
Check: dependencies in R code
Result: NOTE
Namespaces in Imports field not imported from:
‘Kendall’ ‘perm’
All declared Imports should be used.
Flavors: r-devel-linux-x86_64-fedora-clang, r-devel-linux-x86_64-fedora-gcc, r-devel-windows-x86_64-gcc10-UCRT, r-patched-solaris-x86, r-release-macos-arm64, r-release-macos-x86_64, r-oldrel-macos-x86_64