CRAN Package Check Results for Package MultIS

Last updated on 2021-11-01 00:49:45 CET.

Flavor Version Tinstall Tcheck Ttotal Status Flags
r-devel-linux-x86_64-debian-clang 0.6.2 5.82 76.22 82.04 OK
r-devel-linux-x86_64-debian-gcc 0.6.2 4.67 57.14 61.81 OK
r-devel-linux-x86_64-fedora-clang 0.6.2 107.39 NOTE
r-devel-linux-x86_64-fedora-gcc 0.6.2 95.14 NOTE
r-devel-windows-x86_64 0.6.2 10.00 139.00 149.00 OK
r-devel-windows-x86_64-gcc10-UCRT 0.6.2 NOTE
r-patched-linux-x86_64 0.6.2 6.11 73.75 79.86 OK
r-patched-solaris-x86 0.6.2 132.90 NOTE
r-release-linux-x86_64 0.6.2 5.89 72.37 78.26 OK
r-release-macos-arm64 0.6.2 NOTE
r-release-macos-x86_64 0.6.2 NOTE
r-release-windows-ix86+x86_64 0.6.2 11.00 80.00 91.00 OK
r-oldrel-macos-x86_64 0.6.2 NOTE
r-oldrel-windows-ix86+x86_64 0.6.2 12.00 86.00 98.00 OK

Check Details

Version: 0.6.2
Check: dependencies in R code
Result: NOTE
    Namespaces in Imports field not imported from:
     ‘poweRlaw’ ‘rmutil’
     All declared Imports should be used.
Flavors: r-devel-linux-x86_64-fedora-clang, r-devel-linux-x86_64-fedora-gcc, r-devel-windows-x86_64-gcc10-UCRT, r-patched-solaris-x86, r-release-macos-arm64, r-release-macos-x86_64, r-oldrel-macos-x86_64