CRAN Package Check Results for Package MonetDB.R

Last updated on 2021-11-01 00:49:45 CET.

Flavor Version Tinstall Tcheck Ttotal Status Flags
r-devel-linux-x86_64-debian-clang 2.0.0 5.99 31.52 37.51 OK
r-devel-linux-x86_64-debian-gcc 2.0.0 4.13 25.15 29.28 OK
r-devel-linux-x86_64-fedora-clang 2.0.0 57.12 NOTE
r-devel-linux-x86_64-fedora-gcc 2.0.0 45.35 NOTE
r-devel-windows-x86_64 2.0.0 12.00 53.00 65.00 OK
r-devel-windows-x86_64-gcc10-UCRT 2.0.0 NOTE
r-patched-linux-x86_64 2.0.0 5.78 30.91 36.69 OK
r-patched-solaris-x86 2.0.0 71.00 NOTE
r-release-linux-x86_64 2.0.0 5.84 30.79 36.63 OK
r-release-macos-arm64 2.0.0 NOTE
r-release-macos-x86_64 2.0.0 NOTE
r-release-windows-ix86+x86_64 2.0.0 14.00 43.00 57.00 OK
r-oldrel-macos-x86_64 2.0.0 NOTE
r-oldrel-windows-ix86+x86_64 2.0.0 12.00 61.00 73.00 OK

Check Details

Version: 2.0.0
Check: dependencies in R code
Result: NOTE
    Namespace in Imports field not imported from: ‘testthat’
     All declared Imports should be used.
Flavors: r-devel-linux-x86_64-fedora-clang, r-devel-linux-x86_64-fedora-gcc, r-devel-windows-x86_64-gcc10-UCRT, r-patched-solaris-x86, r-release-macos-arm64, r-release-macos-x86_64, r-oldrel-macos-x86_64