Last updated on 2021-11-01 00:49:45 CET.
Flavor | Version | Tinstall | Tcheck | Ttotal | Status | Flags |
---|---|---|---|---|---|---|
r-devel-linux-x86_64-debian-clang | 3.4.0.1 | 34.93 | 672.14 | 707.07 | NOTE | |
r-devel-linux-x86_64-debian-gcc | 3.4.0.1 | 30.38 | 528.90 | 559.28 | NOTE | |
r-devel-linux-x86_64-fedora-clang | 3.4.0.1 | 910.93 | NOTE | |||
r-devel-linux-x86_64-fedora-gcc | 3.4.0.1 | 909.21 | NOTE | |||
r-devel-windows-x86_64 | 3.4.0.1 | 56.00 | 780.00 | 836.00 | OK | |
r-devel-windows-x86_64-gcc10-UCRT | 3.4.0.1 | OK | --no-vignettes | |||
r-patched-linux-x86_64 | 3.4.0.1 | 39.49 | 673.95 | 713.44 | NOTE | |
r-patched-solaris-x86 | 3.4.0.1 | 1361.00 | NOTE | |||
r-release-linux-x86_64 | 3.4.0.1 | 32.06 | 676.11 | 708.17 | NOTE | |
r-release-macos-arm64 | 3.4.0.1 | OK | ||||
r-release-macos-x86_64 | 3.4.0.1 | OK | ||||
r-release-windows-ix86+x86_64 | 3.4.0.1 | 56.00 | 608.00 | 664.00 | OK | |
r-oldrel-macos-x86_64 | 3.4.0.1 | OK | ||||
r-oldrel-windows-ix86+x86_64 | 3.4.0.1 | 60.00 | 801.00 | 861.00 | OK |
Version: 3.4.0.1
Check: for non-standard things in the check directory
Result: NOTE
Found the following files/directories:
'BIO_TCandNLCD_NLCD.jpg' 'BIO_TCandNLCD_TCB.jpg'
'BIO_TCandNLCD_TCG.jpg' 'BIO_TCandNLCD_TCW.jpg'
'BIO_TCandNLCD_corrplot.jpg' 'BIO_TCandNLCD_mask_all_predictors.jpg'
'BIO_TCandNLCD_projections.txt' 'RF_BIO_TCandNLCD_01.img'
'RF_BIO_TCandNLCD_01.img.aux.xml'
'RF_BIO_TCandNLCD_01_mapmake_arguments.txt'
'RF_BIO_TCandNLCD_01_projections.txt' 'RF_BIO_TCandNLCD_OOB.csv'
'RF_BIO_TCandNLCD_OOB_corrplot.jpg'
'RF_BIO_TCandNLCD_OOB_corrplot.pdf' 'RF_BIO_TCandNLCD_OOB_error.jpg'
'RF_BIO_TCandNLCD_OOB_error.pdf'
'RF_BIO_TCandNLCD_OOB_importance.jpg'
'RF_BIO_TCandNLCD_OOB_importance.pdf'
'RF_BIO_TCandNLCD_OOB_scatterplot.jpg'
'RF_BIO_TCandNLCD_OOB_scatterplot.pdf'
'RF_BIO_TCandNLCD_model_building_arguments.txt'
'RF_Bio_TC_model_building_arguments.txt' 'example.test.csv'
'example.train.csv'
Flavors: r-devel-linux-x86_64-debian-clang, r-devel-linux-x86_64-debian-gcc, r-devel-linux-x86_64-fedora-clang, r-devel-linux-x86_64-fedora-gcc, r-patched-linux-x86_64, r-patched-solaris-x86, r-release-linux-x86_64