Last updated on 2021-11-01 00:49:45 CET.
Flavor | Version | Tinstall | Tcheck | Ttotal | Status | Flags |
---|---|---|---|---|---|---|
r-devel-linux-x86_64-debian-clang | 0.2.4 | 55.68 | 66.21 | 121.89 | NOTE | |
r-devel-linux-x86_64-debian-gcc | 0.2.4 | 45.69 | 49.38 | 95.07 | NOTE | |
r-devel-linux-x86_64-fedora-clang | 0.2.4 | 193.09 | NOTE | |||
r-devel-linux-x86_64-fedora-gcc | 0.2.4 | 164.55 | NOTE | |||
r-devel-windows-x86_64 | 0.2.4 | 84.00 | 110.00 | 194.00 | NOTE | |
r-devel-windows-x86_64-gcc10-UCRT | 0.2.4 | NOTE | ||||
r-patched-linux-x86_64 | 0.2.4 | 55.44 | 65.28 | 120.72 | NOTE | |
r-patched-solaris-x86 | 0.2.4 | 161.50 | NOTE | |||
r-release-linux-x86_64 | 0.2.4 | 54.50 | 65.76 | 120.26 | NOTE | |
r-release-macos-arm64 | 0.2.4 | NOTE | ||||
r-release-macos-x86_64 | 0.2.4 | NOTE | ||||
r-release-windows-ix86+x86_64 | 0.2.4 | 108.00 | 105.00 | 213.00 | NOTE | |
r-oldrel-macos-x86_64 | 0.2.4 | OK | ||||
r-oldrel-windows-ix86+x86_64 | 0.2.4 | 118.00 | 132.00 | 250.00 | OK |
Version: 0.2.4
Check: LazyData
Result: NOTE
'LazyData' is specified without a 'data' directory
Flavors: r-devel-linux-x86_64-debian-clang, r-devel-linux-x86_64-debian-gcc, r-devel-linux-x86_64-fedora-clang, r-devel-linux-x86_64-fedora-gcc, r-devel-windows-x86_64, r-devel-windows-x86_64-gcc10-UCRT, r-patched-linux-x86_64, r-patched-solaris-x86, r-release-linux-x86_64, r-release-macos-arm64, r-release-macos-x86_64, r-release-windows-ix86+x86_64