Last updated on 2021-11-01 00:49:45 CET.
Flavor | Version | Tinstall | Tcheck | Ttotal | Status | Flags |
---|---|---|---|---|---|---|
r-devel-linux-x86_64-debian-clang | 2.3.2 | 18.86 | 37.87 | 56.73 | OK | |
r-devel-linux-x86_64-debian-gcc | 2.3.2 | 14.84 | 30.36 | 45.20 | OK | |
r-devel-linux-x86_64-fedora-clang | 2.3.2 | 83.18 | NOTE | |||
r-devel-linux-x86_64-fedora-gcc | 2.3.2 | 71.77 | NOTE | |||
r-devel-windows-x86_64 | 2.3.2 | 18.00 | 51.00 | 69.00 | OK | |
r-devel-windows-x86_64-gcc10-UCRT | 2.3.2 | NOTE | ||||
r-patched-linux-x86_64 | 2.3.2 | 23.72 | 39.31 | 63.03 | OK | |
r-patched-solaris-x86 | 2.3.2 | 99.30 | NOTE | |||
r-release-linux-x86_64 | 2.3.2 | 21.38 | 39.95 | 61.33 | OK | |
r-release-macos-arm64 | 2.3.2 | NOTE | ||||
r-release-macos-x86_64 | 2.3.2 | NOTE | ||||
r-release-windows-ix86+x86_64 | 2.3.2 | 20.00 | 44.00 | 64.00 | OK | |
r-oldrel-macos-x86_64 | 2.3.2 | NOTE | ||||
r-oldrel-windows-ix86+x86_64 | 2.3.2 | 25.00 | 45.00 | 70.00 | OK |
Version: 2.3.2
Check: dependencies in R code
Result: NOTE
Namespaces in Imports field not imported from:
‘R6’ ‘curl’ ‘jsonlite’ ‘vctrs’
All declared Imports should be used.
Flavors: r-devel-linux-x86_64-fedora-clang, r-devel-linux-x86_64-fedora-gcc, r-devel-windows-x86_64-gcc10-UCRT, r-patched-solaris-x86, r-release-macos-arm64, r-release-macos-x86_64, r-oldrel-macos-x86_64