CRAN Package Check Results for Package MetaLandSim

Last updated on 2021-11-01 00:49:44 CET.

Flavor Version Tinstall Tcheck Ttotal Status Flags
r-devel-linux-x86_64-debian-clang 1.0.8 54.82 445.77 500.59 OK
r-devel-linux-x86_64-debian-gcc 1.0.8 38.67 331.63 370.30 OK
r-devel-linux-x86_64-fedora-clang 1.0.8 620.61 NOTE
r-devel-linux-x86_64-fedora-gcc 1.0.8 608.97 NOTE
r-devel-windows-x86_64 1.0.8 63.00 515.00 578.00 OK
r-devel-windows-x86_64-gcc10-UCRT 1.0.8 FAIL
r-patched-linux-x86_64 1.0.8 55.24 446.17 501.41 OK
r-patched-solaris-x86 1.0.8 874.30 NOTE
r-release-linux-x86_64 1.0.8 49.66 445.59 495.25 OK
r-release-macos-arm64 1.0.8 NOTE
r-release-macos-x86_64 1.0.8 NOTE
r-release-windows-ix86+x86_64 1.0.8 67.00 413.00 480.00 OK
r-oldrel-macos-x86_64 1.0.8 NOTE
r-oldrel-windows-ix86+x86_64 1.0.8 67.00 570.00 637.00 OK

Check Details

Version: 1.0.8
Check: dependencies in R code
Result: NOTE
    Namespace in Imports field not imported from: ‘knitr’
     All declared Imports should be used.
Flavors: r-devel-linux-x86_64-fedora-clang, r-devel-linux-x86_64-fedora-gcc, r-patched-solaris-x86, r-release-macos-arm64, r-release-macos-x86_64, r-oldrel-macos-x86_64

Version: 1.0.8
Check: whether package can be installed
Result: FAIL
Flavor: r-devel-windows-x86_64-gcc10-UCRT