Last updated on 2021-11-01 00:49:44 CET.
Flavor | Version | Tinstall | Tcheck | Ttotal | Status | Flags |
---|---|---|---|---|---|---|
r-devel-linux-x86_64-debian-clang | 2.1.3 | 16.39 | 154.84 | 171.23 | OK | |
r-devel-linux-x86_64-debian-gcc | 2.1.3 | 12.63 | 113.42 | 126.05 | OK | |
r-devel-linux-x86_64-fedora-clang | 2.1.3 | 216.11 | NOTE | |||
r-devel-linux-x86_64-fedora-gcc | 2.1.3 | 195.04 | NOTE | |||
r-devel-windows-x86_64 | 2.1.3 | 25.00 | 204.00 | 229.00 | OK | |
r-devel-windows-x86_64-gcc10-UCRT | 2.1.3 | NOTE | ||||
r-patched-linux-x86_64 | 2.1.3 | 16.76 | 148.18 | 164.94 | OK | |
r-patched-solaris-x86 | 2.1.3 | 253.30 | NOTE | |||
r-release-linux-x86_64 | 2.1.3 | 13.76 | 148.81 | 162.57 | OK | |
r-release-macos-arm64 | 2.1.3 | NOTE | ||||
r-release-macos-x86_64 | 2.1.3 | ERROR | ||||
r-release-windows-ix86+x86_64 | 2.1.3 | 24.00 | 151.00 | 175.00 | OK | |
r-oldrel-macos-x86_64 | 2.1.3 | ERROR | ||||
r-oldrel-windows-ix86+x86_64 | 2.1.3 | 22.00 | 207.00 | 229.00 | OK |
Version: 2.1.3
Check: package dependencies
Result: NOTE
Imports includes 35 non-default packages.
Importing from so many packages makes the package vulnerable to any of
them becoming unavailable. Move as many as possible to Suggests and
use conditionally.
Flavor: r-devel-linux-x86_64-fedora-clang
Version: 2.1.3
Check: dependencies in R code
Result: NOTE
Namespaces in Imports field not imported from:
‘BiocManager’ ‘DT’ ‘GEOmetadb’ ‘RMySQL’ ‘RSQLite’ ‘gplots’ ‘pheatmap’
‘readr’
All declared Imports should be used.
Flavors: r-devel-linux-x86_64-fedora-clang, r-devel-linux-x86_64-fedora-gcc, r-devel-windows-x86_64-gcc10-UCRT, r-patched-solaris-x86, r-release-macos-arm64
Version: 2.1.3
Check: package dependencies
Result: ERROR
Package required but not available: ‘GEOmetadb’
See section ‘The DESCRIPTION file’ in the ‘Writing R Extensions’
manual.
Flavors: r-release-macos-x86_64, r-oldrel-macos-x86_64