Last updated on 2021-11-01 00:49:44 CET.
Flavor | Version | Tinstall | Tcheck | Ttotal | Status | Flags |
---|---|---|---|---|---|---|
r-devel-linux-x86_64-debian-clang | 0.7.6 | 10.05 | 91.73 | 101.78 | OK | |
r-devel-linux-x86_64-debian-gcc | 0.7.6 | 7.65 | 69.23 | 76.88 | OK | |
r-devel-linux-x86_64-fedora-clang | 0.7.6 | 133.87 | NOTE | |||
r-devel-linux-x86_64-fedora-gcc | 0.7.6 | 119.60 | NOTE | |||
r-devel-windows-x86_64 | 0.7.6 | 23.00 | 159.00 | 182.00 | OK | |
r-devel-windows-x86_64-gcc10-UCRT | 0.7.6 | NOTE | ||||
r-patched-linux-x86_64 | 0.7.6 | 9.70 | 88.64 | 98.34 | OK | |
r-patched-solaris-x86 | 0.7.6 | 6.00 | ERROR | |||
r-release-linux-x86_64 | 0.7.6 | 10.12 | 89.38 | 99.50 | OK | |
r-release-macos-arm64 | 0.7.6 | NOTE | ||||
r-release-macos-x86_64 | 0.7.6 | NOTE | ||||
r-release-windows-ix86+x86_64 | 0.7.6 | 21.00 | 108.00 | 129.00 | OK | |
r-oldrel-macos-x86_64 | 0.7.6 | NOTE | ||||
r-oldrel-windows-ix86+x86_64 | 0.7.6 | 22.00 | 112.00 | 134.00 | OK |
Version: 0.7.6
Check: data for non-ASCII characters
Result: NOTE
Note: found 17 marked UTF-8 strings
Flavors: r-devel-linux-x86_64-fedora-clang, r-devel-linux-x86_64-fedora-gcc, r-devel-windows-x86_64-gcc10-UCRT, r-release-macos-arm64, r-release-macos-x86_64, r-oldrel-macos-x86_64
Version: 0.7.6
Check: package dependencies
Result: ERROR
Package required but not available: ‘rmapshaper’
See section ‘The DESCRIPTION file’ in the ‘Writing R Extensions’
manual.
Flavor: r-patched-solaris-x86