Last updated on 2021-11-01 00:49:44 CET.
Flavor | Version | Tinstall | Tcheck | Ttotal | Status | Flags |
---|---|---|---|---|---|---|
r-devel-linux-x86_64-debian-clang | 4.3.0 | 62.56 | 224.58 | 287.14 | NOTE | |
r-devel-linux-x86_64-debian-gcc | 4.3.0 | 48.91 | 168.70 | 217.61 | NOTE | |
r-devel-linux-x86_64-fedora-clang | 4.3.0 | 390.04 | NOTE | |||
r-devel-linux-x86_64-fedora-gcc | 4.3.0 | 387.67 | NOTE | |||
r-devel-windows-x86_64 | 4.3.0 | 87.00 | 299.00 | 386.00 | NOTE | |
r-devel-windows-x86_64-gcc10-UCRT | 4.3.0 | NOTE | ||||
r-patched-linux-x86_64 | 4.3.0 | 57.85 | 224.05 | 281.90 | NOTE | |
r-patched-solaris-x86 | 4.3.0 | 213.70 | NOTE | |||
r-release-linux-x86_64 | 4.3.0 | 55.81 | 224.41 | 280.22 | NOTE | |
r-release-macos-arm64 | 4.3.0 | NOTE | ||||
r-release-macos-x86_64 | 4.3.0 | NOTE | ||||
r-release-windows-ix86+x86_64 | 4.3.0 | 126.00 | 256.00 | 382.00 | NOTE | |
r-oldrel-macos-x86_64 | 4.3.0 | NOTE | ||||
r-oldrel-windows-ix86+x86_64 | 4.3.0 | 129.00 | 347.00 | 476.00 | NOTE |
Version: 4.3.0
Check: package dependencies
Result: NOTE
Package suggested but not available for checking: 'gurobi'
Flavors: r-devel-linux-x86_64-debian-clang, r-devel-linux-x86_64-debian-gcc, r-devel-linux-x86_64-fedora-clang, r-devel-linux-x86_64-fedora-gcc, r-devel-windows-x86_64, r-devel-windows-x86_64-gcc10-UCRT, r-patched-linux-x86_64, r-release-linux-x86_64, r-release-macos-arm64, r-release-macos-x86_64, r-release-windows-ix86+x86_64, r-oldrel-macos-x86_64, r-oldrel-windows-ix86+x86_64
Version: 4.3.0
Check: package dependencies
Result: NOTE
Packages suggested but not available for checking: 'Rsymphony', 'gurobi'
Flavor: r-patched-solaris-x86
Version: 4.3.0
Check: installed package size
Result: NOTE
installed size is 5.4Mb
sub-directories of 1Mb or more:
doc 1.5Mb
libs 2.9Mb
Flavor: r-release-macos-arm64