CRAN Package Check Results for Package MTS

Last updated on 2021-11-01 00:49:45 CET.

Flavor Version Tinstall Tcheck Ttotal Status Flags
r-devel-linux-x86_64-debian-clang 1.0.3 36.49 151.83 188.32 OK
r-devel-linux-x86_64-debian-gcc 1.0.3 28.70 111.26 139.96 OK
r-devel-linux-x86_64-fedora-clang 1.0.3 243.70 NOTE
r-devel-linux-x86_64-fedora-gcc 1.0.3 223.97 NOTE
r-devel-windows-x86_64 1.0.3 51.00 187.00 238.00 OK
r-devel-windows-x86_64-gcc10-UCRT 1.0.3 OK
r-patched-linux-x86_64 1.0.3 35.72 149.46 185.18 OK
r-patched-solaris-x86 1.0.3 249.50 OK
r-release-linux-x86_64 1.0.3 34.70 145.28 179.98 OK
r-release-macos-arm64 1.0.3 OK
r-release-macos-x86_64 1.0.3 OK
r-release-windows-ix86+x86_64 1.0.3 54.00 170.00 224.00 OK
r-oldrel-macos-x86_64 1.0.3 OK
r-oldrel-windows-ix86+x86_64 1.0.3 51.00 222.00 273.00 OK

Check Details

Version: 1.0.3
Check: compiled code
Result: NOTE
    File ‘MTS/libs/MTS.so’:
     Found no calls to: ‘R_registerRoutines’, ‘R_useDynamicSymbols’
    
    It is good practice to register native routines and to disable symbol
    search.
    
    See ‘Writing portable packages’ in the ‘Writing R Extensions’ manual.
Flavors: r-devel-linux-x86_64-fedora-clang, r-devel-linux-x86_64-fedora-gcc