CRAN Package Check Results for Package MPTmultiverse

Last updated on 2021-11-01 00:49:45 CET.

Flavor Version Tinstall Tcheck Ttotal Status Flags
r-devel-linux-x86_64-debian-clang 0.4-2 6.32 72.92 79.24 NOTE
r-devel-linux-x86_64-debian-gcc 0.4-2 5.88 55.18 61.06 NOTE
r-devel-linux-x86_64-fedora-clang 0.4-2 105.51 NOTE
r-devel-linux-x86_64-fedora-gcc 0.4-2 93.63 NOTE
r-devel-windows-x86_64 0.4-2 11.00 129.00 140.00 NOTE
r-devel-windows-x86_64-gcc10-UCRT 0.4-2 NOTE
r-patched-linux-x86_64 0.4-2 7.41 68.34 75.75 NOTE
r-patched-solaris-x86 0.4-2 153.20 NOTE
r-release-linux-x86_64 0.4-2 7.39 68.76 76.15 NOTE
r-release-macos-arm64 0.4-2 NOTE
r-release-macos-x86_64 0.4-2 NOTE
r-release-windows-ix86+x86_64 0.4-2 9.00 95.00 104.00 NOTE
r-oldrel-macos-x86_64 0.4-2 OK
r-oldrel-windows-ix86+x86_64 0.4-2 11.00 92.00 103.00 OK

Check Details

Version: 0.4-2
Check: LazyData
Result: NOTE
     'LazyData' is specified without a 'data' directory
Flavors: r-devel-linux-x86_64-debian-clang, r-devel-linux-x86_64-debian-gcc, r-devel-linux-x86_64-fedora-clang, r-devel-linux-x86_64-fedora-gcc, r-devel-windows-x86_64, r-devel-windows-x86_64-gcc10-UCRT, r-patched-linux-x86_64, r-patched-solaris-x86, r-release-linux-x86_64, r-release-macos-arm64, r-release-macos-x86_64, r-release-windows-ix86+x86_64