CRAN Package Check Results for Package MPTinR

Last updated on 2021-11-01 00:49:45 CET.

Flavor Version Tinstall Tcheck Ttotal Status Flags
r-devel-linux-x86_64-debian-clang 1.14.1 55.21 184.39 239.60 OK
r-devel-linux-x86_64-debian-gcc 1.14.1 43.70 138.28 181.98 OK
r-devel-linux-x86_64-fedora-clang 1.14.1 317.01 NOTE
r-devel-linux-x86_64-fedora-gcc 1.14.1 293.62 OK
r-devel-windows-x86_64 1.14.1 70.00 246.00 316.00 OK
r-devel-windows-x86_64-gcc10-UCRT 1.14.1 OK
r-patched-linux-x86_64 1.14.1 53.97 174.58 228.55 OK
r-patched-solaris-x86 1.14.1 336.00 OK
r-release-linux-x86_64 1.14.1 50.71 176.02 226.73 OK
r-release-macos-arm64 1.14.1 NOTE
r-release-macos-x86_64 1.14.1 NOTE
r-release-windows-ix86+x86_64 1.14.1 94.00 196.00 290.00 OK
r-oldrel-macos-x86_64 1.14.1 NOTE
r-oldrel-windows-ix86+x86_64 1.14.1 92.00 259.00 351.00 OK

Check Details

Version: 1.14.1
Check: installed package size
Result: NOTE
     installed size is 9.9Mb
     sub-directories of 1Mb or more:
     libs 8.6Mb
Flavors: r-devel-linux-x86_64-fedora-clang, r-release-macos-arm64, r-release-macos-x86_64, r-oldrel-macos-x86_64