CRAN Package Check Results for Package MLID

Last updated on 2021-11-01 00:49:45 CET.

Flavor Version Tinstall Tcheck Ttotal Status Flags
r-devel-linux-x86_64-debian-clang 1.0.1 6.66 100.52 107.18 OK
r-devel-linux-x86_64-debian-gcc 1.0.1 7.03 78.04 85.07 OK
r-devel-linux-x86_64-fedora-clang 1.0.1 141.80 NOTE
r-devel-linux-x86_64-fedora-gcc 1.0.1 133.48 NOTE
r-devel-windows-x86_64 1.0.1 14.00 141.00 155.00 OK
r-devel-windows-x86_64-gcc10-UCRT 1.0.1 NOTE
r-patched-linux-x86_64 1.0.1 8.05 100.25 108.30 OK
r-patched-solaris-x86 1.0.1 116.60 NOTE
r-release-linux-x86_64 1.0.1 6.57 99.31 105.88 OK
r-release-macos-arm64 1.0.1 NOTE
r-release-macos-x86_64 1.0.1 NOTE
r-release-windows-ix86+x86_64 1.0.1 12.00 102.00 114.00 OK
r-oldrel-macos-x86_64 1.0.1 NOTE
r-oldrel-windows-ix86+x86_64 1.0.1 11.00 140.00 151.00 OK

Check Details

Version: 1.0.1
Check: dependencies in R code
Result: NOTE
    Namespace in Imports field not imported from: ‘nlme’
     All declared Imports should be used.
Flavors: r-devel-linux-x86_64-fedora-clang, r-devel-linux-x86_64-fedora-gcc, r-devel-windows-x86_64-gcc10-UCRT, r-patched-solaris-x86, r-release-macos-arm64, r-release-macos-x86_64, r-oldrel-macos-x86_64