CRAN Package Check Results for Package MKinfer

Last updated on 2021-11-01 00:49:45 CET.

Flavor Version Tinstall Tcheck Ttotal Status Flags
r-devel-linux-x86_64-debian-clang 0.6 9.98 124.23 134.21 OK
r-devel-linux-x86_64-debian-gcc 0.6 6.42 90.41 96.83 OK
r-devel-linux-x86_64-fedora-clang 0.6 167.20 NOTE
r-devel-linux-x86_64-fedora-gcc 0.6 155.10 OK
r-devel-windows-x86_64 0.6 15.00 157.00 172.00 OK
r-devel-windows-x86_64-gcc10-UCRT 0.6 OK
r-patched-linux-x86_64 0.6 8.25 115.77 124.02 OK
r-patched-solaris-x86 0.6 143.70 OK
r-release-linux-x86_64 0.6 8.96 114.59 123.55 OK
r-release-macos-arm64 0.6 OK
r-release-macos-x86_64 0.6 OK
r-release-windows-ix86+x86_64 0.6 12.00 110.00 122.00 OK
r-oldrel-macos-x86_64 0.6 OK
r-oldrel-windows-ix86+x86_64 0.6 13.00 157.00 170.00 OK

Check Details

Version: 0.6
Check: Rd cross-references
Result: NOTE
    Undeclared package ‘Hmisc’ in Rd xrefs
Flavor: r-devel-linux-x86_64-fedora-clang