Last updated on 2021-11-01 00:49:44 CET.
Flavor | Version | Tinstall | Tcheck | Ttotal | Status | Flags |
---|---|---|---|---|---|---|
r-devel-linux-x86_64-debian-clang | 1.1 | 1.67 | 35.78 | 37.45 | NOTE | |
r-devel-linux-x86_64-debian-gcc | 1.1 | 1.65 | 26.38 | 28.03 | NOTE | |
r-devel-linux-x86_64-fedora-clang | 1.1 | 56.02 | NOTE | |||
r-devel-linux-x86_64-fedora-gcc | 1.1 | 45.36 | NOTE | |||
r-devel-windows-x86_64 | 1.1 | 4.00 | 54.00 | 58.00 | NOTE | |
r-devel-windows-x86_64-gcc10-UCRT | 1.1 | NOTE | ||||
r-patched-linux-x86_64 | 1.1 | 2.22 | 34.91 | 37.13 | NOTE | |
r-patched-solaris-x86 | 1.1 | 63.90 | NOTE | |||
r-release-linux-x86_64 | 1.1 | 1.98 | 35.31 | 37.29 | NOTE | |
r-release-macos-arm64 | 1.1 | NOTE | ||||
r-release-macos-x86_64 | 1.1 | NOTE | ||||
r-release-windows-ix86+x86_64 | 1.1 | 5.00 | 38.00 | 43.00 | NOTE | |
r-oldrel-macos-x86_64 | 1.1 | OK | ||||
r-oldrel-windows-ix86+x86_64 | 1.1 | 4.00 | 53.00 | 57.00 | OK |
Version: 1.1
Check: LazyData
Result: NOTE
'LazyData' is specified without a 'data' directory
Flavors: r-devel-linux-x86_64-debian-clang, r-devel-linux-x86_64-debian-gcc, r-devel-linux-x86_64-fedora-clang, r-devel-linux-x86_64-fedora-gcc, r-devel-windows-x86_64, r-devel-windows-x86_64-gcc10-UCRT, r-patched-linux-x86_64, r-patched-solaris-x86, r-release-linux-x86_64, r-release-macos-arm64, r-release-macos-x86_64, r-release-windows-ix86+x86_64