Last updated on 2021-11-01 00:49:44 CET.
Flavor | Version | Tinstall | Tcheck | Ttotal | Status | Flags |
---|---|---|---|---|---|---|
r-devel-linux-x86_64-debian-clang | 0.4 | 34.37 | 67.05 | 101.42 | OK | |
r-devel-linux-x86_64-debian-gcc | 0.4 | 32.98 | 50.34 | 83.32 | OK | |
r-devel-linux-x86_64-fedora-clang | 0.4 | 154.97 | OK | |||
r-devel-linux-x86_64-fedora-gcc | 0.4 | 153.25 | OK | |||
r-devel-windows-x86_64 | 0.4 | 56.00 | 101.00 | 157.00 | OK | |
r-devel-windows-x86_64-gcc10-UCRT | 0.4 | OK | ||||
r-patched-linux-x86_64 | 0.4 | 30.02 | 64.63 | 94.65 | OK | |
r-patched-solaris-x86 | 0.4 | 163.80 | OK | |||
r-release-linux-x86_64 | 0.4 | 37.77 | 63.37 | 101.14 | OK | |
r-release-macos-arm64 | 0.4 | NOTE | ||||
r-release-macos-x86_64 | 0.4 | NOTE | ||||
r-release-windows-ix86+x86_64 | 0.4 | 69.00 | 111.00 | 180.00 | OK | |
r-oldrel-macos-x86_64 | 0.4 | NOTE | ||||
r-oldrel-windows-ix86+x86_64 | 0.4 | 71.00 | 134.00 | 205.00 | OK |
Version: 0.4
Check: installed package size
Result: NOTE
installed size is 6.6Mb
sub-directories of 1Mb or more:
libs 6.1Mb
Flavors: r-release-macos-arm64, r-release-macos-x86_64, r-oldrel-macos-x86_64