Last updated on 2021-11-01 00:49:44 CET.
Flavor | Version | Tinstall | Tcheck | Ttotal | Status | Flags |
---|---|---|---|---|---|---|
r-devel-linux-x86_64-debian-clang | 2.32 | 52.07 | 136.69 | 188.76 | OK | |
r-devel-linux-x86_64-debian-gcc | 2.32 | 38.12 | 104.33 | 142.45 | OK | |
r-devel-linux-x86_64-fedora-clang | 2.32 | 256.45 | NOTE | |||
r-devel-linux-x86_64-fedora-gcc | 2.32 | 239.27 | OK | |||
r-devel-windows-x86_64 | 2.32 | 95.00 | 171.00 | 266.00 | OK | |
r-devel-windows-x86_64-gcc10-UCRT | 2.32 | OK | ||||
r-patched-linux-x86_64 | 2.32 | 39.91 | 132.99 | 172.90 | OK | |
r-patched-solaris-x86 | 2.32 | 306.20 | OK | |||
r-release-linux-x86_64 | 2.32 | 43.84 | 134.10 | 177.94 | OK | |
r-release-macos-arm64 | 2.32 | OK | ||||
r-release-macos-x86_64 | 2.32 | OK | ||||
r-release-windows-ix86+x86_64 | 2.32 | 125.00 | 150.00 | 275.00 | NOTE | |
r-oldrel-macos-x86_64 | 2.32 | OK | ||||
r-oldrel-windows-ix86+x86_64 | 2.32 | 121.00 | 212.00 | 333.00 | NOTE |
Version: 2.32
Check: Rd cross-references
Result: NOTE
Undeclared packages ‘MCMCpack’, ‘bayesm’, ‘msm’ in Rd xrefs
Flavor: r-devel-linux-x86_64-fedora-clang
Version: 2.32
Check: installed package size
Result: NOTE
installed size is 5.9Mb
sub-directories of 1Mb or more:
doc 3.3Mb
libs 2.1Mb
Flavors: r-release-windows-ix86+x86_64, r-oldrel-windows-ix86+x86_64