CRAN Package Check Results for Package MAnorm2

Last updated on 2021-11-01 00:49:44 CET.

Flavor Version Tinstall Tcheck Ttotal Status Flags
r-devel-linux-x86_64-debian-clang 1.2.0 7.72 322.18 329.90 OK
r-devel-linux-x86_64-debian-gcc 1.2.0 5.94 221.53 227.47 OK
r-devel-linux-x86_64-fedora-clang 1.2.0 399.19 NOTE
r-devel-linux-x86_64-fedora-gcc 1.2.0 390.32 OK
r-devel-windows-x86_64 1.2.0 12.00 355.00 367.00 NOTE
r-devel-windows-x86_64-gcc10-UCRT 1.2.0 OK
r-patched-linux-x86_64 1.2.0 8.32 308.35 316.67 OK
r-patched-solaris-x86 1.2.0 157.70 NOTE
r-release-linux-x86_64 1.2.0 6.62 301.40 308.02 OK
r-release-macos-arm64 1.2.0 NOTE
r-release-macos-x86_64 1.2.0 NOTE
r-release-windows-ix86+x86_64 1.2.0 11.00 264.00 275.00 NOTE
r-oldrel-macos-x86_64 1.2.0 NOTE
r-oldrel-windows-ix86+x86_64 1.2.0 10.00 380.00 390.00 NOTE

Check Details

Version: 1.2.0
Check: installed package size
Result: NOTE
     installed size is 5.3Mb
     sub-directories of 1Mb or more:
     data 1.2Mb
     doc 3.5Mb
Flavors: r-devel-linux-x86_64-fedora-clang, r-devel-windows-x86_64, r-patched-solaris-x86, r-release-macos-arm64, r-release-macos-x86_64, r-release-windows-ix86+x86_64, r-oldrel-macos-x86_64, r-oldrel-windows-ix86+x86_64