Last updated on 2021-11-01 00:49:44 CET.
Flavor | Version | Tinstall | Tcheck | Ttotal | Status | Flags |
---|---|---|---|---|---|---|
r-devel-linux-x86_64-debian-clang | 0.5.2 | 12.27 | 212.22 | 224.49 | OK | |
r-devel-linux-x86_64-debian-gcc | 0.5.2 | 9.68 | 150.38 | 160.06 | OK | |
r-devel-linux-x86_64-fedora-clang | 0.5.2 | 267.71 | NOTE | |||
r-devel-linux-x86_64-fedora-gcc | 0.5.2 | 273.08 | OK | |||
r-devel-windows-x86_64 | 0.5.2 | 17.00 | 241.00 | 258.00 | OK | |
r-devel-windows-x86_64-gcc10-UCRT | 0.5.2 | OK | ||||
r-patched-linux-x86_64 | 0.5.2 | 11.68 | 198.75 | 210.43 | OK | |
r-patched-solaris-x86 | 0.5.2 | 198.30 | OK | |||
r-release-linux-x86_64 | 0.5.2 | 10.16 | 199.44 | 209.60 | OK | |
r-release-macos-arm64 | 0.5.2 | NOTE | ||||
r-release-macos-x86_64 | 0.5.2 | OK | ||||
r-release-windows-ix86+x86_64 | 0.5.2 | 16.00 | 171.00 | 187.00 | OK | |
r-oldrel-macos-x86_64 | 0.5.2 | OK | ||||
r-oldrel-windows-ix86+x86_64 | 0.5.2 | 14.00 | 188.00 | 202.00 | OK |
Version: 0.5.2
Check: package dependencies
Result: NOTE
Suggests orphaned package: ‘RGtk2’
Flavor: r-devel-linux-x86_64-fedora-clang
Version: 0.5.2
Check: Rd cross-references
Result: NOTE
Undeclared package ‘nparLD’ in Rd xrefs
Flavor: r-devel-linux-x86_64-fedora-clang
Version: 0.5.2
Check: package dependencies
Result: NOTE
Package suggested but not available for checking: ‘RGtk2’
Flavor: r-release-macos-arm64