CRAN Package Check Results for Package LassoNet

Last updated on 2021-11-01 00:49:42 CET.

Flavor Version Tinstall Tcheck Ttotal Status Flags
r-devel-linux-x86_64-debian-clang 0.8.3 16.94 30.07 47.01 OK
r-devel-linux-x86_64-debian-gcc 0.8.3 12.35 24.17 36.52 OK
r-devel-linux-x86_64-fedora-clang 0.8.3 78.27 NOTE
r-devel-linux-x86_64-fedora-gcc 0.8.3 65.34 NOTE
r-devel-windows-x86_64 0.8.3 26.00 62.00 88.00 OK
r-devel-windows-x86_64-gcc10-UCRT 0.8.3 OK
r-patched-linux-x86_64 0.8.3 14.14 29.08 43.22 OK
r-patched-solaris-x86 0.8.3 81.10 OK
r-release-linux-x86_64 0.8.3 15.27 29.65 44.92 OK
r-release-macos-arm64 0.8.3 OK
r-release-macos-x86_64 0.8.3 OK
r-release-windows-ix86+x86_64 0.8.3 36.00 55.00 91.00 OK
r-oldrel-macos-x86_64 0.8.3 OK
r-oldrel-windows-ix86+x86_64 0.8.3 39.00 73.00 112.00 OK

Check Details

Version: 0.8.3
Check: Rd cross-references
Result: NOTE
    Undeclared package ‘glmnet’ in Rd xrefs
Flavor: r-devel-linux-x86_64-fedora-clang

Version: 0.8.3
Check: compiled code
Result: NOTE
    File ‘LassoNet/libs/LassoNet.so’:
     Found no calls to: ‘R_registerRoutines’, ‘R_useDynamicSymbols’
    
    It is good practice to register native routines and to disable symbol
    search.
    
    See ‘Writing portable packages’ in the ‘Writing R Extensions’ manual.
Flavors: r-devel-linux-x86_64-fedora-clang, r-devel-linux-x86_64-fedora-gcc