Last updated on 2021-11-01 00:49:42 CET.
Flavor | Version | Tinstall | Tcheck | Ttotal | Status | Flags |
---|---|---|---|---|---|---|
r-devel-linux-x86_64-debian-clang | 16.1.6 | 57.79 | 275.27 | 333.06 | OK | |
r-devel-linux-x86_64-debian-gcc | 16.1.6 | 43.53 | 201.33 | 244.86 | OK | |
r-devel-linux-x86_64-fedora-clang | 16.1.6 | 415.62 | OK | |||
r-devel-linux-x86_64-fedora-gcc | 16.1.6 | 426.46 | OK | |||
r-devel-windows-x86_64 | 16.1.6 | 73.00 | 313.00 | 386.00 | OK | |
r-devel-windows-x86_64-gcc10-UCRT | 16.1.6 | FAIL | ||||
r-patched-linux-x86_64 | 16.1.6 | 67.20 | 269.42 | 336.62 | OK | |
r-patched-solaris-x86 | 16.1.6 | 436.40 | NOTE | |||
r-release-linux-x86_64 | 16.1.6 | 55.53 | 267.49 | 323.02 | OK | |
r-release-macos-arm64 | 16.1.6 | NOTE | ||||
r-release-macos-x86_64 | 16.1.6 | OK | ||||
r-release-windows-ix86+x86_64 | 16.1.6 | 57.00 | 237.00 | 294.00 | OK | |
r-oldrel-macos-x86_64 | 16.1.6 | OK | ||||
r-oldrel-windows-ix86+x86_64 | 16.1.6 | 53.00 | 300.00 | 353.00 | OK |
Version: 16.1.6
Check: re-building of vignette outputs
Result: FAIL
Flavor: r-devel-windows-x86_64-gcc10-UCRT
Version: 16.1.6
Check: installed package size
Result: NOTE
installed size is 5.3Mb
sub-directories of 1Mb or more:
R 1.6Mb
doc 2.0Mb
help 1.2Mb
Flavors: r-patched-solaris-x86, r-release-macos-arm64