Last updated on 2021-11-01 00:49:44 CET.
Flavor | Version | Tinstall | Tcheck | Ttotal | Status | Flags |
---|---|---|---|---|---|---|
r-devel-linux-x86_64-debian-clang | 1.1.1 | 2.91 | 60.13 | 63.04 | NOTE | |
r-devel-linux-x86_64-debian-gcc | 1.1.1 | 2.30 | 42.14 | 44.44 | NOTE | |
r-devel-linux-x86_64-fedora-clang | 1.1.1 | 84.81 | NOTE | |||
r-devel-linux-x86_64-fedora-gcc | 1.1.1 | 76.41 | NOTE | |||
r-devel-windows-x86_64 | 1.1.1 | 5.00 | 84.00 | 89.00 | NOTE | |
r-devel-windows-x86_64-gcc10-UCRT | 1.1.1 | NOTE | ||||
r-patched-linux-x86_64 | 1.1.1 | 2.82 | 55.91 | 58.73 | NOTE | |
r-patched-solaris-x86 | 1.1.1 | 70.90 | NOTE | |||
r-release-linux-x86_64 | 1.1.1 | 2.69 | 56.95 | 59.64 | NOTE | |
r-release-macos-arm64 | 1.1.1 | NOTE | ||||
r-release-macos-x86_64 | 1.1.1 | NOTE | ||||
r-release-windows-ix86+x86_64 | 1.1.1 | 5.00 | 58.00 | 63.00 | NOTE | |
r-oldrel-macos-x86_64 | 1.1.1 | NOTE | ||||
r-oldrel-windows-ix86+x86_64 | 1.1.1 | 8.00 | 81.00 | 89.00 | OK |
Version: 1.1.1
Check: LazyData
Result: NOTE
'LazyData' is specified without a 'data' directory
Flavors: r-devel-linux-x86_64-debian-clang, r-devel-linux-x86_64-debian-gcc, r-devel-linux-x86_64-fedora-clang, r-devel-linux-x86_64-fedora-gcc, r-devel-windows-x86_64, r-devel-windows-x86_64-gcc10-UCRT, r-patched-linux-x86_64, r-patched-solaris-x86, r-release-linux-x86_64, r-release-macos-arm64, r-release-macos-x86_64, r-release-windows-ix86+x86_64
Version: 1.1.1
Check: dependencies in R code
Result: NOTE
Namespaces in Imports field not imported from:
‘Icens’ ‘interval’
All declared Imports should be used.
Flavors: r-devel-linux-x86_64-fedora-clang, r-devel-linux-x86_64-fedora-gcc, r-devel-windows-x86_64-gcc10-UCRT, r-patched-solaris-x86, r-release-macos-arm64, r-release-macos-x86_64, r-oldrel-macos-x86_64