CRAN Package Check Results for Package LSTS

Last updated on 2021-11-01 00:49:44 CET.

Flavor Version Tinstall Tcheck Ttotal Status Flags
r-devel-linux-x86_64-debian-clang 2.1 5.14 75.23 80.37 OK
r-devel-linux-x86_64-debian-gcc 2.1 4.22 54.05 58.27 OK
r-devel-linux-x86_64-fedora-clang 2.1 106.49 NOTE
r-devel-linux-x86_64-fedora-gcc 2.1 99.56 NOTE
r-devel-windows-x86_64 2.1 9.00 103.00 112.00 OK
r-devel-windows-x86_64-gcc10-UCRT 2.1 NOTE
r-patched-linux-x86_64 2.1 5.62 70.75 76.37 OK
r-patched-solaris-x86 2.1 126.20 NOTE
r-release-linux-x86_64 2.1 4.13 70.19 74.32 OK
r-release-macos-arm64 2.1 NOTE
r-release-macos-x86_64 2.1 NOTE
r-release-windows-ix86+x86_64 2.1 9.00 70.00 79.00 OK
r-oldrel-macos-x86_64 2.1 NOTE
r-oldrel-windows-ix86+x86_64 2.1 10.00 98.00 108.00 OK

Check Details

Version: 2.1
Check: dependencies in R code
Result: NOTE
    Namespace in Imports field not imported from: ‘Rdpack’
     All declared Imports should be used.
Flavors: r-devel-linux-x86_64-fedora-clang, r-devel-linux-x86_64-fedora-gcc, r-devel-windows-x86_64-gcc10-UCRT, r-patched-solaris-x86, r-release-macos-arm64, r-release-macos-x86_64, r-oldrel-macos-x86_64